{"id":200,"date":"2016-08-09T13:59:23","date_gmt":"2016-08-09T12:59:23","guid":{"rendered":"http:\/\/ikmkravmagaevere.be\/?page_id=200"},"modified":"2021-07-29T00:00:41","modified_gmt":"2021-07-28T23:00:41","slug":"les-principes","status":"publish","type":"page","link":"https:\/\/ikmkravmagaevere.be\/?page_id=200","title":{"rendered":"IKM en Belgique"},"content":{"rendered":"<div class=\"entry-content\">\n<p>La f\u00e9d\u00e9ration IKM est la plus grande f\u00e9d\u00e9ration de Krav Maga en Belgique et sans nul doute la plus professionnelle.<\/p>\n<p>Les instructeurs IKM Krav Maga Belgique ont l\u2019obligation de s\u2019entra\u00eener r\u00e9guli\u00e8rement, que ce soit en Belgique ou \u00e0 l\u2019\u00e9tranger, avec le repr\u00e9sentant mondial de notre f\u00e9d\u00e9ration, Gabi NOAH.<\/p>\n<p><img loading=\"lazy\" class=\" wp-image-955 alignleft\" src=\"http:\/\/www.kravjeremy.be\/wp-content\/uploads\/gabi_noah_01.jpeg\" alt=\"gabi_noah_01\" width=\"233\" height=\"175\" \/>IKM Krav Maga Belgique d\u00e9pend directement d\u2019Isra\u00ebl via son repr\u00e9sentant au niveau mondial, <a title=\"Imi Lichtenfeld &amp; Gabi Noah\" href=\"http:\/\/www.kravjeremy.be\/imi-lichtenfeld-gabi-noah\">Gabi NOAH<\/a> et au niveau belge, <a title=\"Harry MARIETTE \u2013 Expert III \u2013 Directeur IKM Belgique, France, Luxembourg\" href=\"http:\/\/www.kravjeremy.be\/nos-eleves-autrement\/harry-mariette-expert-iii-directeur-ikm-belgique-france-luxembourg\">Harry Mariette<\/a> (Expert V \u2013 Directeur IKM Krav Maga Belgique, France, Luxembourg, Suisse).<\/p>\n<p>Si tu veux rejoindre une f\u00e9d\u00e9ration dirig\u00e9e par des personnes passionn\u00e9es et professionnelles, n\u2019h\u00e9site pas et rejoins-nous!<\/p>\n<p>Tu souhaites avoir plus d\u2019informations sur notre f\u00e9d\u00e9ration en elle-m\u00eame, trouver un club pr\u00e8s de chez toi ou ton travail\u2026QUESTIONS<\/p>\n<\/div>\n<div class=\"entry-content\">\n<p><a href=\"http:\/\/ikmkravmagaevere.be\/?page_id=21\">Contactez-nous<\/a><\/p>\n<\/div>\n","protected":false},"excerpt":{"rendered":"<p>La f\u00e9d\u00e9ration IKM est la plus grande f\u00e9d\u00e9ration de Krav Maga en Belgique et sans nul doute la plus professionnelle. Les instructeurs IKM Krav Maga Belgique ont&hellip; <span class=\"read-more\"><a class=\"more-link\" href=\"https:\/\/ikmkravmagaevere.be\/?page_id=200\" rel=\"bookmark\">Lire la suite de <span class=\"screen-reader-text\">\u00ab\u00a0IKM en Belgique\u00a0\u00bb<\/span><\/a><\/span><\/p>\n","protected":false},"author":1,"featured_media":0,"parent":0,"menu_order":0,"comment_status":"closed","ping_status":"closed","template":"","meta":[],"_links":{"self":[{"href":"https:\/\/ikmkravmagaevere.be\/index.php?rest_route=\/wp\/v2\/pages\/200"}],"collection":[{"href":"https:\/\/ikmkravmagaevere.be\/index.php?rest_route=\/wp\/v2\/pages"}],"about":[{"href":"https:\/\/ikmkravmagaevere.be\/index.php?rest_route=\/wp\/v2\/types\/page"}],"author":[{"embeddable":true,"href":"https:\/\/ikmkravmagaevere.be\/index.php?rest_route=\/wp\/v2\/users\/1"}],"replies":[{"embeddable":true,"href":"https:\/\/ikmkravmagaevere.be\/index.php?rest_route=%2Fwp%2Fv2%2Fcomments&post=200"}],"version-history":[{"count":11,"href":"https:\/\/ikmkravmagaevere.be\/index.php?rest_route=\/wp\/v2\/pages\/200\/revisions"}],"predecessor-version":[{"id":561,"href":"https:\/\/ikmkravmagaevere.be\/index.php?rest_route=\/wp\/v2\/pages\/200\/revisions\/561"}],"wp:attachment":[{"href":"https:\/\/ikmkravmagaevere.be\/index.php?rest_route=%2Fwp%2Fv2%2Fmedia&parent=200"}],"curies":[{"name":"wp","href":"https:\/\/api.w.org\/{rel}","templated":true}]}}